{"id":40,"date":"2018-08-23T03:03:54","date_gmt":"2018-08-23T03:03:54","guid":{"rendered":"https:\/\/gpsites.co\/article\/?page_id=40"},"modified":"2023-11-16T19:01:17","modified_gmt":"2023-11-16T18:01:17","slug":"about","status":"publish","type":"page","link":"https:\/\/cuadernocrepitante.com\/index.php\/about\/","title":{"rendered":"Sobre mi"},"content":{"rendered":"\n<p><\/p>\n\n\n\n<p>Cuando regentaba el negocio familiar de hosteler\u00eda nunca imagin\u00e9 que podr\u00eda vivir de la escritura.<\/p>\n\n\n\n<p>Estudi\u00e9 Marketing en ESIC Valencia, una escuela de negocios.<\/p>\n\n\n\n<p>Tras 5 a\u00f1os de estudio, mis primeras experiencias laborales transcurrieron de departamento comercial en departamento comercial para acabar descubriendo que eso no me llenaba profesionalmente.<\/p>\n\n\n\n<p>En 2008 me hice cargo del negocio familiar empujado por la crisis econ\u00f3mica que atravesaba el pa\u00eds.<\/p>\n\n\n\n<p>Unos a\u00f1os m\u00e1s tarde, la frustraci\u00f3n se apoder\u00f3 de m\u00ed, me sent\u00eda atrapado en la carrera de la rata, no estaba explotando mis capacidades.<\/p>\n\n\n\n<p>Sent\u00eda que me estaba perdiendo algo ah\u00ed afuera, algo que me estaba esperando.<\/p>\n\n\n\n<p>Estaba atrapado entre la desaz\u00f3n y la idea de que era tarde para cambiar el rumbo de mi vida.<\/p>\n\n\n\n<p>Me arm\u00e9 de valor y decid\u00ed retomar el contacto con el mundo del Marketing para descubrir cu\u00e1nto hab\u00eda cambiado, el cambio siempre nos otorga nuevas oportunidades.<\/p>\n\n\n\n<p>Este primer t\u00edmido contacto con el nuevo marketing despert\u00f3 ese esp\u00edritu de superaci\u00f3n tanto tiempo dormido.<\/p>\n\n\n\n<p>Primero descubr\u00ed el SEO y despu\u00e9s el Copywriting.\u00a0<\/p>\n\n\n\n<p>M\u00e1s tarde fu\u00ed investigando a los grandes copywriters de la historia, David Ogilvy, Eugene Schwartz, Gary Halbert, Claude Hopkins y muchos otros.<\/p>\n\n\n\n<p>Qued\u00e9 fascinado con ellos, esa combinaci\u00f3n de psicolog\u00eda y ventas me vol\u00f3 la cabeza.<\/p>\n\n\n\n<p>Ellos prendieron la chispa que hoy alumbra mi existencia.<\/p>\n\n\n\n<p>Descubr\u00ed que la escritura persuasiva era a lo que quer\u00eda dedicar el resto de mi vida.<\/p>\n\n\n\n<p>Tras unos duros primeros a\u00f1os, compaginando el trabajo en el negocio de hosteler\u00eda y el estudio, di el salto al mundo profesional de la redacci\u00f3n publicitaria, del copywriting.<\/p>\n\n\n\n<p>Siempre disfrut\u00e9 de la lectura y durante algunos periodos de mi vida escrib\u00ed sobre cosas insignificantes para el resto del mundo.<\/p>\n\n\n\n<p>Escrib\u00eda solo por el mero hecho de liberar espacio, desahogarme o experimentar el reto que supone traducir en palabras los pensamientos y sensaciones que pasaban por mi cabeza.<\/p>\n\n\n\n<p>Era como un juego.<\/p>\n\n\n\n<p>Hoy es mi profesi\u00f3n y la adoro.<\/p>\n\n\n\n<p>Arturo Rosales,<\/p>\n\n\n\n<p>Copywriter.<\/p>\n","protected":false},"excerpt":{"rendered":"<p>Cuando regentaba el negocio familiar de hosteler\u00eda nunca imagin\u00e9 que podr\u00eda vivir de la escritura. Estudi\u00e9 Marketing en ESIC Valencia, una escuela de negocios. Tras 5 a\u00f1os de estudio, mis &#8230; <\/p>\n<p class=\"read-more-container\"><a title=\"Sobre mi\" class=\"read-more button\" href=\"https:\/\/cuadernocrepitante.com\/index.php\/about\/#more-40\" aria-label=\"Read more about Sobre mi\">Leer M\u00e1s<\/a><\/p>\n","protected":false},"author":1,"featured_media":0,"parent":0,"menu_order":0,"comment_status":"closed","ping_status":"closed","template":"","meta":{"_monsterinsights_skip_tracking":false,"_monsterinsights_sitenote_active":false,"_monsterinsights_sitenote_note":"","_monsterinsights_sitenote_category":0,"_uf_show_specific_survey":0,"_uf_disable_surveys":false,"footnotes":""},"class_list":{"0":"post-40","1":"page","2":"type-page","3":"status-publish","5":"no-featured-image-padding"},"yoast_head":"<!-- This site is optimized with the Yoast SEO plugin v27.4 - https:\/\/yoast.com\/product\/yoast-seo-wordpress\/ -->\n<title>Sobre mi - Cuaderno Crepitante<\/title>\n<meta name=\"robots\" content=\"index, follow, max-snippet:-1, max-image-preview:large, max-video-preview:-1\" \/>\n<link rel=\"canonical\" href=\"https:\/\/cuadernocrepitante.com\/index.php\/about\/\" \/>\n<meta property=\"og:locale\" content=\"en_US\" \/>\n<meta property=\"og:type\" content=\"article\" \/>\n<meta property=\"og:title\" content=\"Sobre mi - Cuaderno Crepitante\" \/>\n<meta property=\"og:description\" content=\"Cuando regentaba el negocio familiar de hosteler\u00eda nunca imagin\u00e9 que podr\u00eda vivir de la escritura. Estudi\u00e9 Marketing en ESIC Valencia, una escuela de negocios. Tras 5 a\u00f1os de estudio, mis ... Leer M\u00e1s\" \/>\n<meta property=\"og:url\" content=\"https:\/\/cuadernocrepitante.com\/index.php\/about\/\" \/>\n<meta property=\"og:site_name\" content=\"Cuaderno Crepitante\" \/>\n<meta property=\"article:modified_time\" content=\"2023-11-16T18:01:17+00:00\" \/>\n<meta property=\"og:image\" content=\"https:\/\/cuadernocrepitante.com\/wp-content\/uploads\/2023\/11\/9ea71d55-2ad0-43d0-b5d5-71d702394222.jpg\" \/>\n\t<meta property=\"og:image:width\" content=\"1024\" \/>\n\t<meta property=\"og:image:height\" content=\"1024\" \/>\n\t<meta property=\"og:image:type\" content=\"image\/jpeg\" \/>\n<meta name=\"twitter:card\" content=\"summary_large_image\" \/>\n<meta name=\"twitter:label1\" content=\"Est. reading time\" \/>\n\t<meta name=\"twitter:data1\" content=\"2 minutes\" \/>\n<script type=\"application\/ld+json\" class=\"yoast-schema-graph\">{\"@context\":\"https:\\\/\\\/schema.org\",\"@graph\":[{\"@type\":\"WebPage\",\"@id\":\"https:\\\/\\\/cuadernocrepitante.com\\\/index.php\\\/about\\\/\",\"url\":\"https:\\\/\\\/cuadernocrepitante.com\\\/index.php\\\/about\\\/\",\"name\":\"Sobre mi - Cuaderno Crepitante\",\"isPartOf\":{\"@id\":\"https:\\\/\\\/cuadernocrepitante.com\\\/#website\"},\"datePublished\":\"2018-08-23T03:03:54+00:00\",\"dateModified\":\"2023-11-16T18:01:17+00:00\",\"breadcrumb\":{\"@id\":\"https:\\\/\\\/cuadernocrepitante.com\\\/index.php\\\/about\\\/#breadcrumb\"},\"inLanguage\":\"en-US\",\"potentialAction\":[{\"@type\":\"ReadAction\",\"target\":[\"https:\\\/\\\/cuadernocrepitante.com\\\/index.php\\\/about\\\/\"]}]},{\"@type\":\"BreadcrumbList\",\"@id\":\"https:\\\/\\\/cuadernocrepitante.com\\\/index.php\\\/about\\\/#breadcrumb\",\"itemListElement\":[{\"@type\":\"ListItem\",\"position\":1,\"name\":\"Portada\",\"item\":\"https:\\\/\\\/cuadernocrepitante.com\\\/\"},{\"@type\":\"ListItem\",\"position\":2,\"name\":\"Sobre mi\"}]},{\"@type\":\"WebSite\",\"@id\":\"https:\\\/\\\/cuadernocrepitante.com\\\/#website\",\"url\":\"https:\\\/\\\/cuadernocrepitante.com\\\/\",\"name\":\"Cuaderno Crepitante\",\"description\":\"Copywriting de Alto Impacto\",\"potentialAction\":[{\"@type\":\"SearchAction\",\"target\":{\"@type\":\"EntryPoint\",\"urlTemplate\":\"https:\\\/\\\/cuadernocrepitante.com\\\/?s={search_term_string}\"},\"query-input\":{\"@type\":\"PropertyValueSpecification\",\"valueRequired\":true,\"valueName\":\"search_term_string\"}}],\"inLanguage\":\"en-US\"}]}<\/script>\n<!-- \/ Yoast SEO plugin. -->","yoast_head_json":{"title":"Sobre mi - Cuaderno Crepitante","robots":{"index":"index","follow":"follow","max-snippet":"max-snippet:-1","max-image-preview":"max-image-preview:large","max-video-preview":"max-video-preview:-1"},"canonical":"https:\/\/cuadernocrepitante.com\/index.php\/about\/","og_locale":"en_US","og_type":"article","og_title":"Sobre mi - Cuaderno Crepitante","og_description":"Cuando regentaba el negocio familiar de hosteler\u00eda nunca imagin\u00e9 que podr\u00eda vivir de la escritura. Estudi\u00e9 Marketing en ESIC Valencia, una escuela de negocios. Tras 5 a\u00f1os de estudio, mis ... Leer M\u00e1s","og_url":"https:\/\/cuadernocrepitante.com\/index.php\/about\/","og_site_name":"Cuaderno Crepitante","article_modified_time":"2023-11-16T18:01:17+00:00","og_image":[{"width":1024,"height":1024,"url":"https:\/\/cuadernocrepitante.com\/wp-content\/uploads\/2023\/11\/9ea71d55-2ad0-43d0-b5d5-71d702394222.jpg","type":"image\/jpeg"}],"twitter_card":"summary_large_image","twitter_misc":{"Est. reading time":"2 minutes"},"schema":{"@context":"https:\/\/schema.org","@graph":[{"@type":"WebPage","@id":"https:\/\/cuadernocrepitante.com\/index.php\/about\/","url":"https:\/\/cuadernocrepitante.com\/index.php\/about\/","name":"Sobre mi - Cuaderno Crepitante","isPartOf":{"@id":"https:\/\/cuadernocrepitante.com\/#website"},"datePublished":"2018-08-23T03:03:54+00:00","dateModified":"2023-11-16T18:01:17+00:00","breadcrumb":{"@id":"https:\/\/cuadernocrepitante.com\/index.php\/about\/#breadcrumb"},"inLanguage":"en-US","potentialAction":[{"@type":"ReadAction","target":["https:\/\/cuadernocrepitante.com\/index.php\/about\/"]}]},{"@type":"BreadcrumbList","@id":"https:\/\/cuadernocrepitante.com\/index.php\/about\/#breadcrumb","itemListElement":[{"@type":"ListItem","position":1,"name":"Portada","item":"https:\/\/cuadernocrepitante.com\/"},{"@type":"ListItem","position":2,"name":"Sobre mi"}]},{"@type":"WebSite","@id":"https:\/\/cuadernocrepitante.com\/#website","url":"https:\/\/cuadernocrepitante.com\/","name":"Cuaderno Crepitante","description":"Copywriting de Alto Impacto","potentialAction":[{"@type":"SearchAction","target":{"@type":"EntryPoint","urlTemplate":"https:\/\/cuadernocrepitante.com\/?s={search_term_string}"},"query-input":{"@type":"PropertyValueSpecification","valueRequired":true,"valueName":"search_term_string"}}],"inLanguage":"en-US"}]}},"_links":{"self":[{"href":"https:\/\/cuadernocrepitante.com\/index.php\/wp-json\/wp\/v2\/pages\/40","targetHints":{"allow":["GET"]}}],"collection":[{"href":"https:\/\/cuadernocrepitante.com\/index.php\/wp-json\/wp\/v2\/pages"}],"about":[{"href":"https:\/\/cuadernocrepitante.com\/index.php\/wp-json\/wp\/v2\/types\/page"}],"author":[{"embeddable":true,"href":"https:\/\/cuadernocrepitante.com\/index.php\/wp-json\/wp\/v2\/users\/1"}],"replies":[{"embeddable":true,"href":"https:\/\/cuadernocrepitante.com\/index.php\/wp-json\/wp\/v2\/comments?post=40"}],"version-history":[{"count":3,"href":"https:\/\/cuadernocrepitante.com\/index.php\/wp-json\/wp\/v2\/pages\/40\/revisions"}],"predecessor-version":[{"id":2603,"href":"https:\/\/cuadernocrepitante.com\/index.php\/wp-json\/wp\/v2\/pages\/40\/revisions\/2603"}],"wp:attachment":[{"href":"https:\/\/cuadernocrepitante.com\/index.php\/wp-json\/wp\/v2\/media?parent=40"}],"curies":[{"name":"wp","href":"https:\/\/api.w.org\/{rel}","templated":true}]}}